-1
Let l(z) = -z - 10 - 5 - 12 + 1 + 7. Let r be l(-13). Let i(g) be the second derivative of -g**3/3 - 9*g**2/2 - 2*g. Calculate i(r).
3
Let m(x) be the second derivative of -x**4/3 - 19*x**3/6 + 5*x**2/2 - 4041*x - 1. Determine m(-6).
-25
Let x(r) = -15*r - 47. Let d(w) = 9*w + 21. Let h(j) = 5*d(j) + 2*x(j). Determine h(-7).
-94
Let z(o) = o**2 - 7*o + 6. Let w be z(5). Let h(g) be the third derivative of 43*g**2 + 7/24*g**4 + 1/120*g**6 - 1 + 1/10*g**5 + g**3 + 0*g. Determine h(w).
10
Let r be -3*(-5 - -4)*1. Suppose -r*b = x + b + 8, 5*x - 32 = 4*b. Let o(d) = 4*d - 6. Calculate o(x).
10
Let q(f) = -2*f**2 - 14*f - 3. Let l(s) = s**2 - 13*s - 517. Let w be l(30). What is q(w)?
-3
Let j(t) = t**3 - 12*t**2 + t - 11. Suppose -5*k - 3520 = 5*o, 1423 = -2*k - 45*o + 48*o. Let z = -695 - k. Determine j(z).
1
Let w(j) = -j**3 + 10*j**2 - 9*j - 6. Let p = -15 - -3. Let s be -141*((-10)/p - 3/18). Let q = s - -103. Calculate w(q).
-6
Let n(k) be the third derivative of k**4/8 - k**3/6 + 732*k**2. Determine n(-3).
-10
Let b(x) be the first derivative of 1/3*x**3 + x**2 + x + 3. Let r(i) = 56*i - 1066. Let s be r(19). Give b(s).
1
Let k(s) = 12*s - 2. Let x be (354/(-5))/((-39)/(-15) - 3). Let v = 175 - x. Give k(v).
-26
Let g(b) = 32 + 77 + b**3 - 199 + 45*b**2 - 2*b. Give g(-45).
0
Suppose 3*d = -4 + 1. Let r(u) = 48 - 2*u**2 + 4*u**3 - 5*u**3 + 0*u**3 - 2*u - 153 + 50 + 54. Give r(d).
0
Let j(h) = 9*h**2 - 2*h + 16. Let v(o) = 9*o**2 - 3*o + 20. Let q(b) = -5*j(b) + 4*v(b). Let n(r) = 4*r**2 - 4*r - 6. Let s be n(-1). Calculate q(s).
-40
Let o(b) = b**2 - b. Let p = -282 + 281. Let x(s) = -4*s**2 + 7*s + 6. Let q(u) = p*x(u) - 3*o(u). Calculate q(5).
-1
Let m(l) = 25*l - 33*l - l**2 + 4862 - 4859. Let q = 5 - 15. Give m(q).
-17
Suppose 0 = -5*q + 15, -2 - 14 = -2*p - 2*q. Let f(s) = 6*s**2 - 4*s + 12. Let u(n) = -n**2 - n - 2. Let b(y) = p*u(y) + f(y). Give b(8).
-6
Let z(g) = -14*g - 1. Suppose 19*d = 17*d + 22. Suppose -13*y + d = -2*y. What is z(y)?
-15
Let r(w) = -5 + 9 - 2*w**2 + 2 + w**3 - 8*w + 8*w**2. Let a(j) = -3*j**3 - 11*j**2 + 16*j - 13. Let z(l) = -2*a(l) - 5*r(l). What is z(7)?
3
Let b(w) be the third derivative of w**4/24 - 3*w**3 - 2*w**2 + 49*w. Let i(l) = -2*l + 37. Let n(q) = -5*b(q) - 2*i(q). Give n(8).
8
Let p(i) = -i**2 + 7*i + 2. Let y(s) = -s. Let o(r) = r**2 + 30*r + 69. Let n(a) = o(a) + 6*y(a). Let t be n(-21). Determine p(t).
8
Let v be (-4 + 21/6)*8 - 2. Let a be v/3 - (16 - -5)/(-3). Let r(q) = -4*q**2 - 2*q**3 - 2 - q**2 + 3*q**3 + q. What is r(a)?
3
Let n(x) = -5*x**3 - 24*x**2 + 8*x - 43. Let m(t) = 7*t**3 + 25*t**2 - 10*t + 45. Let w(a) = -3*m(a) - 4*n(a). Give w(21).
-5
Let h(b) = 2*b + 109. Let x(z) = -15*z - 869. Let i(a) = 24*h(a) + 3*x(a). Let v be 14/3 - 2/(-6). Let o be (-29)/v - 1/5. Give i(o).
-9
Let z(x) = x**2 - 1. Suppose -4*g = -2 - 2. Let n be z(g). Let d(l) be the third derivative of l**4/24 + 2*l**3 + 1031*l**2. Give d(n).
12
Suppose 5*v = 2*g - 5*g + 15, -5*v + 4*g + 50 = 0. Let t = -167 - -287. Let f(r) = 116 - t + v*r - r - 4*r. Calculate f(-5).
-9
Let c(g) = 16*g + 106. Let k = -29472 - -29466. Calculate c(k).
10
Let o(x) = 60*x**2 - 184*x + 2. Let q be o(3). Let u(j) = j**3 + 10*j**2 - 4*j - 13. Give u(q).
27
Let q(y) = 473*y - 155. Let b(o) = 72*o - 22. Let u(i) = 20*b(i) - 3*q(i). Determine u(-1).
4
Let j(o) = o**2 + 2*o - 12. Let a(n) = -7*n**2 + 13*n - 36. Let b be a(-8). Let d = b + 582. Give j(d).
12
Suppose -h = 3 - 2. Let c(s) = s. Let r(b) = b**2 - 14*b - 1. Let o(t) = h*r(t) - 6*c(t). Let i(z) be the first derivative of o(z). Determine i(6).
-4
Let o be (53 - 54)*(-1 + (1 - 0)). Let l(i) be the second derivative of -i**5/20 + i**3/6 + 6*i**2 + 4*i - 45. Give l(o).
12
Let h(o) = -o**2 - 6*o - 2. Let y(s) = -4*s**2 + 31*s + 10. Let z(p) = -5*h(p) - y(p). Let t = -3 - -4. Suppose -2 = -3*k + t. Determine z(k).
8
Let y(c) = 57*c + c**2 - 111*c + 57*c - 5. Give y(-6).
13
Let h be 22220/(-70) - 8/14. Let f = h - -313. Let s(o) = o**3 + 4*o**2 - 8*o - 6. Calculate s(f).
9
Let k(g) = g + 0 - 3*g - 1. Let b = 1061 + -1058. What is k(b)?
-7
Let v(c) = -c**2 + c + 1 - 1. Suppose 4*x = 12*r - 10*r + 82, -5*r = 2*x - 35. Suppose -19*u = -37 - x. Give v(u).
-6
Let g(c) = -2*c - 4. Let h be (-4)/(-6) + (2 - 42/9). Let j(b) = -9*b - 3. Let z be j(h). Suppose -3*f - z = -8*f. Determine g(f).
-10
Suppose p + 0*p - 37 = 5*j, -3*j = 4*p - 148. Let i = -37 + p. Suppose c - 4 - 2 = i. Let v(o) = o - 7. Determine v(c).
-1
Suppose 0 = -5*v + 3*v - 4. Let d(n) be the third derivative of -n**6/30 + n**5/30 - n**4/24 - n**3/6 - 7548*n**2. Calculate d(v).
41
Let p(g) = -3*g**2 - 105*g - 915. Let v be p(-19). Let i(u) = -11*u - 5. What is i(v)?
28
Let i(n) = -67*n - 57. Let y(a) = -70*a - 64. Let o(t) = 9*i(t) - 8*y(t). Determine o(1).
-44
Let i(q) = -q**3 - 8*q**2 - 5*q + 10. Let h be ((-21)/9 - -3)/((-4)/(-78)). Suppose 3*t - h*t = 530. Let r = -60 - t. Determine i(r).
-4
Let r(z) = -z**2 - 9*z + 32. Let j be -11*(17 - 12 - 4). Give r(j).
10
Let w be 0/((-6)/1 - -5). Suppose -5*h = -a - 8 + 3, 2*a - 2*h - 6 = w. Let m(v) = v + 1. Let i(d) = -d**2 + 7*d - 3. Let z(q) = i(q) - 2*m(q). What is z(a)?
-5
Let k(r) = r - 5. Let g(o) = 6*o - 62. Let u(c) = -g(c) + 12*k(c). What is u(1)?
8
Let q(s) = 4*s**2 + 5*s - 4. Let f(x) = 14*x + 11*x**2 - 2*x - 11 - 6*x + 9*x. Let l(t) = 3*f(t) - 8*q(t). Suppose 46*d = 45*d - 5. What is l(d)?
-1
Suppose -2600*h + 2612*h + 84 = 0. Let t(s) = -4 + 6 - s**3 + s - 6*s**2 + 3 - s**2. Calculate t(h).
-2
Let b be (-4)/(-6)*-114 + 4. Let h = 74 + b. Let x(d) = 13*d - 18*d**2 + 17*d**2 - 4*d + h*d - 5. What is x(9)?
13
Suppose 8*i = 510 - 126. Let f = -54 + i. Let w(b) = -122*b**3 + 240*b**3 + 7*b**2 - 117*b**3 + 5*b + 4. Give w(f).
10
Let w = -267 + 165. Let g = w + 102. Let h(i) = -i + 30. Calculate h(g).
30
Let p(i) = -i**2 - 3*i + 3. Suppose 18*v - 470 = -2. Suppose -5*l = 2*d - v, -25 = -3*d - 2*l - 8. What is p(d)?
-15
Let z(k) = -2*k**2 - 12*k + 4. Let n be (9/(-12))/((-3)/16). Suppose -3*t = 2*t - l + 35, -2*t - n*l = -8. Determine z(t).
4
Let u(m) be the second derivative of -1/6*m**4 + 0*m**2 - 108*m + 0 + 7/6*m**3. Determine u(3).
3
Let l(i) be the second derivative of -17*i**3/6 + 61*i**2 + 21*i - 15. Calculate l(7).
3
Let g = -7077 - -7083. Let t(m) = -m**3 + 7*m**2 - 7*m + 1. What is t(g)?
-5
Let i(u) be the third derivative of 0*u**3 + 11/60*u**5 + 0 + 0*u + 0*u**4 - 22*u**2. Give i(1).
11
Let u(c) = 45*c**3 - 33*c**2 - 4*c + 79. Let y(a) = 17*a**3 - 11*a**2 - a + 26. Let o(d) = -3*u(d) + 8*y(d). Give o(-10).
31
Let z(w) = -2*w - 5*w + 1 + 6*w. Let a = -647 + 640. What is z(a)?
8
Let y(l) = l**3 - 3*l**2 - 6*l + 1. Let s = -182 + 184. Suppose -t = v - 2, 6*t - s*v - 24 = t. Determine y(t).
-7
Let b(y) = -y**2 - 3*y - 2. Let j be 5339/152 - (-1)/(-8). Let v = j + -38. Let s(x) = -x. Let p(k) = v*s(k) + b(k). Calculate p(3).
-11
Let k(g) be the third derivative of 1/24*g**4 + 4/3*g**3 + 0*g + 14*g**2 + 0. Let f be k(-7). Let p(w) = 8*w**2 - w + 1. Give p(f).
8
Suppose 49 = 3*q - 5*s, 5*q + 8*s - 3*s = 15. Let h(z) = z**2 - 17*z - 7. Let a(k) = 3*k**2 - 48*k - 17. Let v(b) = 2*a(b) - 5*h(b). Give v(q).
-23
Let h(k) = -5*k - 3. Let n be h(-6). Suppose -69 + n = -6*w. Let j(b) = 0*b - 5 + w*b + b**2 - 2*b + 0*b. Calculate j(-5).
-5
Let d(m) = -5*m**2 - 7*m - 14. Let w(i) = 4*i**2 + 3*i + 15. Let c = -240 + 243. Let x(g) = c*d(g) + 4*w(g). Give x(8).
10
Let a(u) be the third derivative of 3*u**4/4 + u**3/6 - 6*u**2. Let t be (-7 - -1)/(215/50 + -4). Let m = 21 + t. Calculate a(m).
19
Let a be 32/12*5/((-120)/18). Let y = 14 + -8. Let g be ((-5)/a)/(y/12). Let n(c) = -c**3 + 4*c**2 + 4*c - 2. Calculate n(g).
-7
Let h(y) = -323 - 8*y + 105 + 65 + 113. Calculate h(-4).
-8
Let d(g) = -g**2 + 12*g - 2. Suppose -5*b + 25 = 0, -51*c + 56*c + b = 70. Give d(c).
-15
Let y(j) = 20*j**3 - 2*j**2 + j + 1. Suppose -229*f + 5 = -224*f. Give y(f).
20
Let p(u) = 78 - 147 - u**2 + 11*u + 104. Calculate p(16).
-45
Let o(l) = l**3 - l**2 + 3*l - 12. Let p(f) = f**2 + 5*f - 12. Let x be p(-7). Let i(w) = 2*w**3 + 3*w - 14. Let b(s) = x*i(s) - 3*o(s). Calculate b(-4).
4
Let p(g) be the second derivative of -25*g + 1/12*g**4 + 5/2*g**2 - 5/6*g**3 + 0. Suppose 2*c + s - 4 = 3*s, -c + 3*s = 4. 